s and x?
76
Let a be 18/(-15) + -4 + 25/(625/1020530). What is the highest common divisor of a and 16?
16
Let d(r) = r**3 - 20*r**2 - 222*r + 2. Let k be d(28). What is the highest common divisor of k and 1537?
29
Let a = 210 + -108. Suppose 82 - 78 = 2*v. Suppose -4*l + 2*t + 72 = 0, -4*t = v*l - t - 28. Calculate the highest common divisor of a and l.
17
Let m(z) = 52*z - 73. Let r(c) = 50*c - 74. Let v(n) = -3*m(n) + 4*r(n). Let b be v(11). Calculate the highest common factor of b and 37.
37
Suppose -i + 6*i = 50. Let m = -57 + 73. Suppose 0 = n - 36 + m. Calculate the greatest common factor of i and n.
10
Suppose -58*s - 91970 = -137*s + 602598. Calculate the greatest common divisor of s and 314.
314
Suppose 2*b + 4*z - 158 = 0, 0 = 11*z + 108 - 196. What is the highest common divisor of b and 4074?
21
Let d be 2/6 + (-100)/(-6). Suppose 2*s + 3*t + 2*t = d, 4 = -4*t. Calculate the greatest common factor of s and 99.
11
Let r(u) = -154*u + 648. Let i be r(4). Let k(d) = 8*d - 8. Let c be k(7). What is the highest common factor of i and c?
16
Let t(x) = x**3 - 34*x**2 + 39*x - 112. Let l be (276/(-230))/((-4)/110). Let f be t(l). Calculate the highest common divisor of 387 and f.
43
Suppose 15*x - 704 = -x. Suppose -7*i + 229 = -x. Calculate the highest common divisor of 13 and i.
13
Suppose -1127 = 2*y - 1367. Suppose 0 = 3*o + j - 81, -6*j = -2*o - j + 54. Let s = o - 15. Calculate the highest common factor of s and y.
12
Let h = -57 + 55. Let z be -87*h*(-3)/(-9). Let p = -38 + z. Calculate the greatest common factor of p and 100.
20
Let w be 6/10 - 544/(-10). Let z = 100 + w. Let x be (6 + -87 - -19)*2/(-2). What is the greatest common factor of z and x?
31
Let j be (-8)/52 - 3358/(-26). Let d = -128 + j. Let i be 176 - ((-3)/d - -3). Calculate the highest common factor of i and 8.
8
Let f(s) = -3*s - 58. Let g be f(-20). Suppose 4*y + 12 = 32. Suppose 0 = 3*c + y*l - 37, -4*c - 4*l = 1 - 37. Calculate the greatest common divisor of g and c.
2
Let k = 147 + -267. Let t be 3/(-6)*(k + 12). What is the highest common factor of t and 243?
27
Let g be ((-456)/(-190))/((-3)/(-165)). Calculate the highest common divisor of g and 2508.
132
Suppose -572 = 31*b - 727. What is the highest common factor of b and 5?
5
Suppose -4*p = -1059 - 6321. Let v = p - 910. Suppose -2*u = 359 - v. Calculate the greatest common factor of 32 and u.
32
Suppose 0 = -37*u - 145*u + 92*u + 180. Let y be (-99)/(-15) - 4/(-10). What is the highest common factor of u and y?
1
Suppose -3*q - 63 = -2*p + 7*p, 2*p = 2*q + 58. Let r be -4 - 1*(3 + q). Suppose -r*h - 132 = -21*h. What is the highest common factor of 6 and h?
6
Suppose 0 = 3*j + 62 - 77, 3*y - 1316 = 2*j. Calculate the highest common divisor of 104 and y.
26
Let j = -588 - -1072. Let g be (0 - (-4)/(-22)) + 572/j. Calculate the highest common divisor of 46 and g.
1
Suppose 5*w - 45 = 7*p - 2*p, -2*w - p = 0. What is the greatest common divisor of 549 and w?
3
Let w = -118 + 382. Let s = -180 + w. Suppose -13*d = -15*d + s. What is the greatest common divisor of d and 56?
14
Suppose -11*h = -16*h + 10. Suppose -3*t + 75 = -3*d, -t - h*d = 4*t - 97. Suppose -7*b + 35 = -t. Calculate the highest common divisor of 4 and b.
4
Suppose 24*r - 25 = 19*r. Suppose -2*w + 15 = -r*w, -4*w + 66 = t. What is the highest common factor of t and 1462?
86
Let h be 69/2 - (-15)/(-10). Let z = 34 - h. Suppose -4*k - z = -25. What is the greatest common factor of 54 and k?
6
Let y = 36 + -33. Let m(q) = -y*q - 4*q**2 + 2*q**2 + q**2 - q. Let n be m(-3). What is the greatest common divisor of 2 and n?
1
Suppose 0 = m + 4*i - 467 - 326, 5*i - 20 = 0. Calculate the highest common divisor of 168 and m.
21
Let o = -1 + 6. Let t(l) = 8*l. Let x be t(o). Suppose 14578*b + 6800 = 14646*b. Calculate the highest common divisor of x and b.
20
Let k(r) = r**3 + 16*r**2 + 21*r - 24. Let b be k(-13). Let h = 28 + -13. Calculate the greatest common divisor of b and h.
15
Suppose 26 = -2*s + m, -5*m + 19 + 6 = -3*s. Let b = s + 47. What is the greatest common factor of 288 and b?
32
Let n be (12/10)/((-15)/(-650))*1. Let s(i) = -i**3 - 7*i**2 - 7*i + 10. Let w be s(-8). What is the greatest common divisor of w and n?
26
Let y be (-898)/(-5) + 86/215. Suppose -k + 23 = 18, 5*g - 3*k = y. What is the highest common factor of 78 and g?
39
Let g(k) = -3*k**3 - 18*k**2 - 32*k + 4. Let f be g(-6). What is the greatest common factor of 532 and f?
28
Let m be (14 - (27 - 3)) + 9 + 7. What is the highest common divisor of 1371 and m?
3
Let m be 1/(2*(-4)/144). Let p be (-384)/(-27) - (-4)/m. Suppose -6*j = -3*t - 10*j + 188, 5*t - 275 = j. What is the greatest common factor of p and t?
14
Suppose 0 = 2*r - 4 - 2. Suppose -5*k = 4*d + 43, -1537*k + 38 = -2*d - 1541*k. What is the highest common divisor of d and r?
3
Suppose 26*h = 12244 + 1458. Let s = 42 + -25. What is the highest common factor of s and h?
17
Let i = -51 - -46. Let x be (-9 - 1)*(-6 - i). What is the greatest common divisor of x and 110?
10
Let f(b) = 21*b**2 - 6*b - 18. Let d(p) = -42*p**2 + 11*p + 37. Let m(w) = 2*d(w) + 5*f(w). Let q be m(-2). What is the greatest common factor of q and 378?
42
Let s = -128 + 183. Suppose -5*m - 3*f + 63 = 0, 423*m - 420*m + 3*f - 33 = 0. Calculate the greatest common divisor of s and m.
5
Suppose 0 = 26*h + 38 + 14. Let j be (-6 + 238/28)/(h/(-12)). What is the highest common divisor of 255 and j?
15
Let q(z) = -z**3 + z + 102. Let k be q(0). Suppose 826 = 8*c - 3*c + 4*w, 2*w + 12 = 0. What is the highest common factor of k and c?
34
Let r = 36265 + -28738. Calculate the greatest common divisor of 91 and r.
13
Let p(d) = d**3 + 23*d**2 + 19*d - 24. Suppose -6*z = 137 - 5. Let v be p(z). Let i = -32 + v. Calculate the highest common factor of 70 and i.
10
Let n = -123 + 123. Suppose 5*y + 2*j + j - 225 = n, 5*y + j = 225. Calculate the highest common divisor of 90 and y.
45
Suppose 1608*l + 31117 = u + 1611*l, -5*u + 4*l = -155585. What is the greatest common divisor of u and 37?
37
Let q(j) = -3*j - 57. Let t be q(15). Let y = 187 + t. Calculate the greatest common factor of 34 and y.
17
Let x be ((-267)/(-44) - (-68)/374)*8. What is the greatest common factor of 1040 and x?
10
Suppose -7*d = -8*d + 3*o + 10, -5*d + 66 = o. Let f be (6 + -7)*3 + d. What is the highest common divisor of f and 70?
10
Suppose 6341*z - 6356*z + 375 = 0. What is the highest common divisor of z and 85?
5
Let g be (-76)/(-6) - (-2)/6. Suppose 0 = -1584*c + 1597*c - 1859. What is the highest common divisor of c and g?
13
Suppose 0 = 399*q - 370*q - 6380. What is the greatest common factor of 25 and q?
5
Let i = -4 - -26. Let u be ((-246)/(-24) - -3)/((-2)/(-16)). Suppose -8*d = -u - 70. Calculate the highest common divisor of i and d.
22
Suppose 0 = 2*g - q - 1167, 4*g - 3*g - 2*q = 582. What is the highest common factor of g and 2774?
146
Let f(d) = d**2 - 5*d - 3. Let t be f(-2). Let b(j) = j**3 - 11*j**2 + 3*j + 2. Let a be b(t). Calculate the greatest common divisor of 10 and a.
5
Suppose 0 = d + 5 - 4, -2*d = -5*o - 188. Let l = -34 - o. Suppose 0 = -2*k - l*z + 284, z - 151 = -k + 2*z. What is the highest common divisor of 37 and k?
37
Suppose 191*p - 12067 = 9731 - 6327. Calculate the highest common factor of p and 273.
3
Let v(o) = -o**3 - 44*o**2 + 50. Let x be v(-44). What is the highest common divisor of x and 30?
10
Suppose -4*y - 525 = -3*p, -2*p = 8780*y - 8775*y - 350. Let h(d) = 4*d**2 - 7*d + 5. Let t be h(5). What is the highest common factor of t and p?
35
Suppose -5*k - 4*v = -3*k - 1714, v = -3*k + 2546. Calculate the highest common divisor of 484 and k.
121
Suppose 2*z = -13 + 17. Let h = -5 - -6. Suppose -3 = -2*r + h. What is the greatest common divisor of z and r?
2
Let i = -23 + 13. Let p be (i/(-20))/(1/308). Calculate the greatest common divisor of p and 7.
7
Suppose 5*r - 37 = 313. Suppose -2*t = -7*t + 5*n + r, 11 = t - 2*n. Let g be -2 + (0 - 414)/(-3). Calculate the greatest common factor of g and t.
17
Suppose 463*p - 472*p = -198. Let n(m) = m**2 + 2*m - 3. Let a be n(2). Suppose -a*b + p = -23. Calculate the greatest common factor of b and 27.
9
Let r = -17 + 37. Let w be (2090/r)/(3/42). Calculate the greatest common divisor of w a